6*l + 1. Let t(x) = -11*a(x) - 2*m(x). Determine t(2).
9
Let w = 4 + -9. Let j be 2/w - 42/(-5). Let a = j - 5. Let v(m) = -m + 3. Determine v(a).
0
Let i(z) = 6*z**3 + z + 1. Suppose 0 = -2*v + 2*t, -v + 4 = -0*v - 5*t. Give i(v).
-6
Let x(s) = -3*s**2 + 2*s - 1. Let m(j) = j - 3. Suppose -2*v = -4 + 14, 5*l - 20 = -3*v. Let z be m(l). Suppose 4 = z*o - 0. What is x(o)?
-2
Let t(v) = -176*v**2 + 3*v - v + 180*v**2 - 5 + v**3. Calculate t(-4).
-13
Let i(q) = q - 1. Let n(u) = 2*u - 3. Let f(j) = -13*i(j) + 6*n(j). Calculate f(5).
-10
Let j(v) be the third derivative of 0*v + 1/24*v**4 + 0 - 11/6*v**3 - 3*v**2. What is j(0)?
-11
Let y(t) = -3*t + 3*t - 2 + 0*t - 4*t. Let m be 54/12*4/6. Suppose -2*z - 3*n - 14 = -1, 0 = 3*z - n + m. Determine y(z).
6
Let o(i) be the first derivative of 0*i + 0*i**2 - 1/360*i**6 + 1/120*i**5 - 4/3*i**3 - 2 - 5/24*i**4. Let l(t) be the third derivative of o(t). What is l(0)?
-5
Suppose 5*z - 23 = -5*j + 12, 2*j = 10. Let o(n) = -z*n**2 - 9 - 4*n + 8 + 3*n**2. What is o(5)?
4
Let u(s) = 4*s - 5*s - 5*s**2 + 2*s**2. Determine u(-1).
-2
Let l(h) = h**3 - h**2 - 2*h - 4. Suppose 5*c + c = 18. Determine l(c).
8
Let o(v) be the first derivative of -v**5/20 + v**4/12 + v**3/3 + 8*v - 5. Let q(u) be the first derivative of o(u). Determine q(2).
0
Let v be 10*((-9)/(-5) - 1). Suppose v*c - 4*c = 20. Let m(f) = 4 - 2*f**2 + 0*f + 3*f - c. Determine m(2).
-3
Let w(d) = -d - 2. Let y be w(-4). Let t(x) = -x**2 - x**2 + 3*x - y + 3*x**2. Let h = -31 - -27. Determine t(h).
2
Let t(g) = g**2 + 2 + 2 - 2 - 3 + 5*g. Give t(-5).
-1
Let c(n) be the second derivative of n**6/120 - n**5/12 + n**4/8 + 2*n**3/3 - 2*n**2 + 4*n. Let m(v) be the first derivative of c(v). Determine m(4).
0
Let l(w) = w**3 - 5*w**2 + 2*w - 3. Let v = -44 - -46. Determine l(v).
-11
Let b(d) = -2*d + 7. Let i(m) = -m + 14. Let w be i(0). Suppose 0 = -2*n + 4*n - w. Determine b(n).
-7
Let i be 35/10*12/7. Let m(k) = k**2 - 5*k - 6. Determine m(i).
0
Let h be 5/5 + 1 + -8. Let c be (-7)/3*h/(-2). Let j = 5 + c. Let f(v) = -2*v**2 - 3*v - 3. Calculate f(j).
-5
Let a(w) = 2*w + 3. Let g(c) = -c**3 - 5*c**2 + 7*c + 4. Let k = -5 + -1. Let r be g(k). Let x = r + 0. What is a(x)?
-1
Let b be ((-2)/(-4) + 0)*-2. Let c = b + 0. Let v(d) = -2*d. Let g be v(c). Let h(w) = -2*w**3 + 2*w**2 - 2*w + 3. Give h(g).
-9
Let i = 26 + -26. Let o(m) = -m - 2*m**3 - 6 + 0*m**2 + m**3 - m**2. What is o(i)?
-6
Suppose 0 = u - 0*u - 5. Let o(v) = v**2 - 8*v + 6. Calculate o(u).
-9
Let j(m) = 4*m + 16. Let w be j(-5). Let h(k) = k + 7. Let q(f) = 1. Let o(u) = -h(u) + 2*q(u). Determine o(w).
-1
Let q(p) = -p**3 + 6*p**2 - 2*p - 6. Let h(z) = -z + 2. Let m be h(-3). Suppose -4*v - 4*o + 2 + 14 = 0, m*o = -5. What is q(v)?
9
Let f(u) = 3*u**3 + u. Let y = 7 - 8. Calculate f(y).
-4
Let g(j) = -1 - 2 + 1 + j - 2. What is g(3)?
-1
Let w(y) = -4*y**3 + 5*y**2 + y + 4. Let d(o) = o**3 + o**2 + o + 1. Let x(h) = -3*d(h) + w(h). Determine x(1).
-6
Let f(c) = -2*c**2 + 4*c - 7. Let m(p) = -p**2 + 3*p - 6. Let i(z) = 5*f(z) - 6*m(z). Determine i(-1).
-5
Let h(p) = p - 4. Let m(g) = -2*g + 8. Let b(j) = -7*h(j) - 4*m(j). What is b(5)?
1
Let k(s) = s**2 + 5*s + 2. Let p(d) = -3*d - 1. Let b(r) = 2*k(r) + 5*p(r). Let j = -4 - -8. Give b(j).
11
Let k(i) = 2*i**2 - 10*i + 6. Let x(d) = -d**2 + 5*d - 3. Let r(g) = -2*k(g) - 5*x(g). Determine r(5).
3
Let q(l) = 11*l - 1 - 3 + 7*l**2 + 3 - l**2. Let f(b) = 5*b**2 + 10*b - 1. Let p(v) = -7*f(v) + 6*q(v). Calculate p(4).
1
Let q(i) = i**2 - 1. Let h(c) = 2*c**2 - 2. Let p(x) = 3*h(x) - 7*q(x). Suppose 0 = -t + 2*t + 3. Give p(t).
-8
Let w(z) = 6*z**3 - 4*z**2 - 6*z + 12. Let r(g) = g**3 + 1. Let u(j) = -5*r(j) + w(j). Suppose 6*o = 5*o + 5. Give u(o).
2
Let w(k) = 5*k + 6*k**2 + 0*k**2 - 2 - 5*k**2 - 3*k**2. What is w(4)?
-14
Let o(n) = -2 + n + 0*n + n**3 - 3*n**2 + 0*n**3. Let l be (-4)/2*(-60)/40. Give o(l).
1
Let m(w) = -7*w**2 + w**2 + 6*w**3 + 0*w**2 + 7 - 3*w - 7*w**3. Determine m(-5).
-3
Let v(t) = -t**2 + 6*t - 1. Let b be v(6). Let c(k) = -1 + 0 + 3*k**3 - 13*k**3. Determine c(b).
9
Suppose -3*n + 2*u = 2*n - 11, 0 = 5*n + 3*u - 21. Let s(k) = k**2 + k - 1. What is s(n)?
11
Suppose u + 3*z = -z + 21, -u + 5*z - 24 = 0. Let y(x) = 0*x**3 - 3*x**3 - 6*x**3. Determine y(u).
-9
Suppose 0*p = -2*p. Let v be -2 - (-1 + p) - -2. Let i(z) = -5*z - 2 + v + 0. Give i(-1).
4
Let z(q) = q**3 + 7*q**2 - 9*q + 1. Let w be z(-8). Let r be ((-12)/w)/(2/(-3)). Let b(a) = -4*a**3 + 2*a**3 - 2*a + 2 + 3*a**3. What is b(r)?
6
Let c = 2 - 3. Let h(v) = 2*v + 4. Let z(i) = i**2 + 7*i - 1. Let n be z(-8). Let a(l) = -l - 3. Let t(g) = n*a(g) + 5*h(g). Calculate t(c).
-4
Let y(u) = -6*u**2 + 5*u + 6. Let k(v) = v**3 + v + 1. Let m(j) = k(j) - y(j). Calculate m(-6).
19
Let l(u) be the third derivative of u**5/60 - u**4/4 + 2*u**3/3 + u**2. Let b = -3 + 3. Suppose b = -4*z + 16 + 4. Calculate l(z).
-1
Let p(y) be the first derivative of -y**6/360 - y**5/24 + y**4/8 + 2*y**3 + 3. Let o(t) be the third derivative of p(t). Give o(-6).
-3
Let p(v) = -v**2 + 2*v - 1. Let q = -2 - -6. Suppose q = -z + 3*z. Let l be 7/2 - 1/z. Give p(l).
-4
Let u(q) = q**3 - 5*q**2 - q - 3. Suppose d = 2*v - 4 + 12, -2*v - 3*d = 0. Let c = 1 + v. Let w be -1 + ((-24)/c)/2. What is u(w)?
-8
Let c = 4 - 7. Let b(s) be the third derivative of s**5/60 + s**4/8 + s**3/3 - 29*s**2. Determine b(c).
2
Let h(r) = -r**3 - 6*r**2 - 5*r - 3. Let c = 93 - 98. Give h(c).
-3
Let d(f) be the first derivative of f**2 - 3*f - 57. What is d(6)?
9
Let a(p) = -4 + 0*p**2 + 2 - p**2. Let q(v) = -v**2 + 6*v + 16. Let k be q(8). Let x be a(k). Let t(d) = 2*d**3 + 2*d**2 - 2*d - 2. Give t(x).
-6
Let h(z) be the first derivative of 1 + 1/4*z**4 + 0*z + 1/2*z**2 + 4/3*z**3. Give h(-3).
6
Let y(b) = -b**3 - 2*b**3 + 3 + 2*b**3 - 6*b + 0*b**3 - 7*b**2. Calculate y(-6).
3
Let b(x) be the third derivative of -x**6/72 - x**3/6 - 3*x**2. Let y(h) be the first derivative of b(h). What is y(1)?
-5
Suppose 2*i - 3*i = 4. Suppose 0 = g - 3*c + c - 8, 5*c + 25 = 5*g. Let k(n) = g + 0*n + n - 6 + 2. What is k(i)?
-6
Let n(t) = -7*t**2 + 5*t + 15. Let h(y) = -3*y**2 + 2*y + 7. Let d(w) = -5*h(w) + 2*n(w). Calculate d(0).
-5
Let j(a) = -4*a - 3. Let c = 9 - 13. Determine j(c).
13
Let s(g) = -g**3 + 9*g**2 + 8*g + 23. Let m be s(10). Let u(j) be the third derivative of -j**4/6 + j**2. Give u(m).
-12
Let p(j) = j. Let v(w) = 1 - 2*w - 1 - 4. Let x be v(-2). Determine p(x).
0
Let r(b) = -b - 1. Let i be (-1)/2*(16 - 16). Give r(i).
-1
Let r(a) be the third derivative of -a**6/120 - a**5/10 - a**4/12 + 7*a**3/6 + 4*a**2. Determine r(-5).
-8
Let i(f) be the first derivative of -f**3/3 - f**2/2 + 7. Suppose -7 - 18 = 5*y. Let d = 5 + y. Determine i(d).
0
Let y be (-3 - 0)*(-5 - -4). Let b(w) be the second derivative of -w**3 - 4*w + 3*w + 0*w**y. Calculate b(1).
-6
Let l(f) = -f**3 - 6*f**2 - f + 3. Let z = -10 - -14. Suppose 2*q + 15 = -2*q + 3*h, z*q = -4*h - 36. Calculate l(q).
9
Suppose 4*k + 13 = -11. Let q(j) = -7*j + 2. Let t(p) = -6*p + 2. Let x(l) = k*t(l) + 5*q(l). Calculate x(0).
-2
Let t(q) = -2*q + 2. Suppose -3*g - 2*g = -20. Suppose 0 = 3*v - 6, -d + 20 = g*d + 5*v. Suppose a = d*a + 3. Give t(a).
8
Let u = 9 + -5. Let j(h) = -h**3 + 5*h**2 - 3*h - 3. What is j(u)?
1
Let m(k) = -4*k**3 - k**2 - 3*k - 1. Let r(w) = 4*w**3 + 2*w**2 + 4*w + 1. Let o(f) = 4*m(f) + 3*r(f). Calculate o(-1).
5
Let v(p) be the third derivative of p**4/24 + p**3/2 + 15*p**2. Calculate v(-3).
0
Suppose 2*b = -2*l + 42, 58 = 3*l - b + 5*b. Let n(i) = -27*i**3 + l*i**3 - 3 + 5*i**2 - 1. Let g be 1/(-1*(-3)/15). Determine n(g).
-4
Let x = -120 + 124. Let d(q) = -q**3 + 2*q**2 + 7*q - 5. Give d(x).
-9
Suppose -4*p + 24 = -0*p. Let u(v) = -4 + v - v**3 + 2*v**2 + 0*v**3 + p. Determine u(3).
-4
Let o(v) = -v**3 + v**2 - v + 1. Let a(s) = -8*s**3 + 6*s**2 - 6*s + 5. Let m(x) = -x**2 + x - 1. Let w(c) = a(c) + 2*m(c). Let i(h) = 3*o(h) - w(h). Give i(1).
5
Suppose -4*d = -0*d - 2*k - 112, -3*d + 77 = -5*k. Suppose o + d = 4*x, -2*o = -4*x + 13 + 17. Let y(u) = u - 8. Calculate y(x).
-1
Let o(x) = 5*x + 13 - 20 + 13 - 3*x. Determine o(-7).
-8
Let v(t) = -t**3 - 5*t**2 - 5*t - 1. Suppose 0*b + 3*b = -12. Give v(b).
3
Let l = -3 - -10. Let j = 3 - l. Let p(o